and v?
8
Let j = -10 - -40. Let l be (-10)/25 + 44/10. Suppose l*u - 66 = j. What is the greatest common factor of 12 and u?
12
Suppose 0 = -4*r + 151 + 29. What is the greatest common divisor of r and 15?
15
Suppose -4*n + 880 = 4*p, -n = -4*p - 0*n + 880. Calculate the greatest common factor of p and 88.
44
Suppose -i + 4*j = -1, 2*j - j = 2. Suppose z - 3 = i. Suppose -4*v + 21 = -11. What is the greatest common factor of v and z?
4
Let t be ((-20)/10)/(1 - 3). Let u(i) = -6*i**3 + i**2. Let d be u(2). Let s be 3*(d/(-6))/t. Calculate the highest common factor of 55 and s.
11
Let h be 105*(1 + 12/(-20)). What is the greatest common factor of 105 and h?
21
Let a(m) = -m**3 - 4*m**2 - 1. Let l be a(-3). Let y = -6 + 9. Let t be l/30 + 649/y. What is the greatest common divisor of 24 and t?
24
Suppose 2*s - 3*k = 39, -4*s = 4*k - 35 - 13. Suppose j + 230 = 5*v, -125 = -v - 2*v - 2*j. Calculate the highest common divisor of v and s.
15
Suppose 3*j - 2 = 2*j. Suppose 5*q + 2*f = 34 + 332, -2*q + f = -150. Suppose j*w = 134 + q. Calculate the highest common divisor of 13 and w.
13
Let o(s) = -s**3 + 5*s**2 + 12*s - 18. Let k be o(8). Let x = 180 + k. Calculate the highest common factor of 6 and x.
6
Let a = 7 - -6. What is the highest common divisor of 13 and a?
13
Let l(p) = 16*p. Let f be l(2). Let u = -39 + 11. Let h be u/(-6) + (-6)/9. What is the greatest common factor of f and h?
4
Let r = -34 + 63. Let k = -21 + r. Calculate the highest common divisor of k and 8.
8
Suppose 0 = -2*a - 2*s - 9 + 33, 5*a + 3*s = 54. What is the highest common factor of a and 99?
9
Let o(d) = -4*d**3 - d**2 - d + 2. Let i be o(-2). Let h(c) = -c**3 - 4*c**2 - 2*c - 4. Let g be h(-4). What is the greatest common factor of g and i?
4
Let g(n) = 5*n - 1. Let z be g(1). Let x(r) = 7*r - 3 + 4*r - 5*r. Let t be x(z). What is the highest common factor of 3 and t?
3
Suppose -4*t - 8 = 0, 3*a - 15 - 238 = -t. Calculate the highest common factor of 34 and a.
17
Let p = 60 - 22. Let s be p/5 + (-12)/(-30). Calculate the greatest common factor of s and 12.
4
Let m be 57/12 - 3/4. Suppose -2*k - m = -48. Suppose 2*h = 4*h - k. What is the highest common factor of 44 and h?
11
Let w = -21 + 39. Let t be w*(-2 - 30/(-4)). What is the highest common factor of 9 and t?
9
Suppose 5*l - 60 = -o, 0 = 2*o - 2*l + 6*l - 120. Let n(d) = d**3 - 2*d**2 - 11*d + 4. Let t be n(5). What is the highest common divisor of o and t?
12
Let o(j) = j**3 + 30*j**2 + 57*j + 36. Let v be o(-28). Calculate the greatest common factor of 56 and v.
8
Let d = -9 + -12. Let l = d + 45. Calculate the highest common divisor of 3 and l.
3
Suppose 3*j = 5*j - 18. Let s(k) = j*k + 4*k + 0*k. Let d be s(2). What is the greatest common factor of d and 65?
13
Let a(p) = p + 9. Let k be a(9). Calculate the highest common factor of k and 2.
2
Suppose 3*r = 6*r - 45. Calculate the highest common divisor of r and 165.
15
Suppose -3*h + 25 = 5*u - 6*h, -2*u - 16 = 4*h. Suppose 84 = u*m + m. Calculate the highest common factor of m and 14.
14
Let h = 416 + -227. Calculate the highest common divisor of 21 and h.
21
Suppose 14*i + 2255 = 19*i. Calculate the greatest common factor of i and 41.
41
Suppose 5*r + 3 = -t, -2*r + 25 = 5*t - 29. What is the highest common divisor of t and 12?
12
Let w be 8 + 0/(-4) + -3. Let c(i) = i**3 - 5*i**2 + i - 3. Let r be c(w). Suppose -2*l = -7*l + 80. Calculate the greatest common divisor of r and l.
2
Suppose 3*q - 45 = 3. Calculate the highest common divisor of q and 16.
16
Suppose -5*k = -l + 3381, -k - 679 = -4*l + l. Let m be (-2)/8 - k/16. Calculate the greatest common factor of 28 and m.
14
Let s(x) = -x - 5. Let n be s(-8). Suppose -n*j = -l + j + 44, 2*l - 4*j = 72. Let d = 10 + 4. Calculate the highest common divisor of l and d.
14
Suppose 4*c - 280 = 2*c. Calculate the greatest common divisor of c and 14.
14
Let s(f) = 212*f**3 + f + 1. Let y be 1/(-3) + (-2)/3. Let m be s(y). Let b be m/(-7) + (-4)/14. Calculate the highest common divisor of b and 20.
10
Suppose -5*a = -3*r + 23, -7 = -4*r + r + a. Let c be (-32)/r*(3 - 1). Let b = c + 144. Calculate the highest common divisor of b and 10.
10
Let g be 2/(-4)*(4 + -16). What is the greatest common factor of 3 and g?
3
Let u be (-186)/(-10) - (168/30 + -6). Calculate the greatest common divisor of u and 152.
19
Let x = 41 - 17. What is the greatest common factor of 4 and x?
4
Let p be 28/126 - (-511)/9. Calculate the greatest common divisor of 171 and p.
57
Suppose s - 71 = 49. Suppose -4*d + 156 + 144 = 0. Suppose 0*n - d = -5*n. Calculate the greatest common divisor of s and n.
15
Let o(l) = l**3 - 10*l**2 - 2*l - 11. Let u be o(11). Calculate the highest common factor of 11 and u.
11
Let d = 224 - 318. Let m be d/(-12) - 2/(-12). Let v(i) = i. Let f be v(8). What is the highest common divisor of f and m?
8
Let j = 125 + -101. What is the highest common divisor of j and 60?
12
Let j be 2*1/2 + 24. Suppose 0 = 3*x + j - 64. Suppose 4*q - 2*q - 214 = 2*y, 9 = -3*y. Calculate the greatest common divisor of q and x.
13
Suppose 0 = -0*p + 2*p - 70. What is the highest common divisor of p and 5?
5
Let u = -122 + 185. Calculate the highest common divisor of u and 21.
21
Let c be (5/(-2))/(2/(-276)). Suppose 0 = -2*q - i + c, 0 = -q + 4*i + 99 + 60. What is the greatest common factor of q and 19?
19
Suppose 2*x - 42 = -4*w, 3 = w - 0. Suppose 2*o = -2*b + 20, 4*b - 45 = 5*o - 10*o. What is the greatest common factor of x and o?
5
Let z(v) = v**3 + v**2 - v + 14. Let o(m) = -m**3 + m**2. Let c be o(1). Let k be z(c). Calculate the highest common factor of 35 and k.
7
Let z(u) be the first derivative of 7*u**3/3 - u**2 + 3*u + 1. Let q be z(3). Suppose 12*h + 269 = 557. Calculate the greatest common divisor of h and q.
12
Suppose 3*g - 15 = -3*f + 4*g, -3 = 2*f - 5*g. What is the highest common factor of 66 and f?
6
Suppose 0 = s + s - 18. Let h be ((-105)/(-14))/((-6)/(-8)). Let c = h + -1. Calculate the greatest common factor of c and s.
9
Let n(j) = -j**2 - 3*j. Let o be n(-7). Let g be (4/(-14))/(2/o). What is the greatest common factor of g and 4?
4
Let j be (-1942)/(-9) + 3/((-54)/(-4)). Calculate the highest common divisor of 27 and j.
27
Let d be ((-2)/(-8))/(8/(39 - 7)). Calculate the greatest common divisor of d and 10.
1
Let q = -18 + 58. Suppose -5*v - 4*s = -q, 0*v = v + 4*s + 8. What is the highest common divisor of 18 and v?
6
Let k(f) = f**2 - 2*f - 39. Let q be k(9). Calculate the greatest common factor of 3 and q.
3
Let h(k) = 2*k + 1. Let x be h(3). Let r(d) = -33 + 0*d - 6*d + 36. Let v be r(-3). What is the greatest common divisor of x and v?
7
Let x(u) = u**3 + 5*u**2 + 6*u + 10. Let y be x(-4). Calculate the greatest common factor of 14 and y.
2
Suppose -3*x + 4 = -101. Suppose 2*v = -2*o - 2*o + 482, -2*v = -o - 492. Calculate the highest common divisor of v and x.
35
Let c(k) = k - 1. Let f be c(4). Let w = f - 0. Calculate the highest common factor of w and 15.
3
Let l(w) = -2*w**3 + 2*w - 3. Let c be l(-3). What is the highest common factor of 15 and c?
15
Suppose -461 = -3*m + 3*z + 2*z, 0 = -2*m - 3*z + 282. What is the greatest common divisor of m and 21?
21
Let w be 1984/10 + -7 + (-132)/(-20). Let v(u) = 10*u - 2. Let o be v(2). What is the greatest common factor of o and w?
18
Let r be ((-2)/4)/(1/48). Let t = -11 - r. Let d(x) = 2*x**3 - 5*x**2 + 6*x - 12. Let g be d(5). Calculate the greatest common divisor of t and g.
13
Let v(u) = u + 10. Let a be v(-8). Suppose -a*z + z + 10 = 0. Calculate the highest common factor of z and 2.
2
Let w be 3 - ((-2)/2 + 1). Suppose -3*j + b + 69 = 0, 8*j - 104 = w*j - 2*b. Calculate the greatest common factor of 33 and j.
11
Suppose 21*d - 288 = 13*d. What is the greatest common factor of d and 12?
12
Suppose 0 = -i - 4*i - 3*h + 328, 0 = 3*h - 3. Suppose -l + 5*m = -0*m - i, 2*m = 5*l - 302. What is the highest common divisor of l and 20?
20
Let j(n) = -2*n - n**3 - 3*n**3 + 9*n - 7*n**2 + 5*n**3. Let g be j(6). What is the highest common divisor of 54 and g?
6
Suppose r = -4*g + 199, -5*g + 285 - 33 = -2*r. Calculate the highest common divisor of g and 10.
10
Let d = 18 + 24. Let z be 7/2 + (-105)/(-6). Calculate the greatest common divisor of z and d.
2